= -28 + 634. What is the units digit of ((-7)/((-35)/y))/(r/(-20))?
6
What is the tens digit of ((-2)/8)/(278/(-7947464))?
4
Let q = -704 + 2919. What is the units digit of q?
5
Suppose 2*w + 275 = -3*w. Let b = w + 58. Suppose b*s - 76 = 71. What is the tens digit of s?
4
Let x = -4242 - -8570. What is the hundreds digit of x?
3
Let c = -2536 - -3434. What is the tens digit of c?
9
Let r(m) = m**3 + 5*m**2 - 12*m - 8. Let g = -40 - -32. Let i be (6/g)/(9/72). What is the tens digit of r(i)?
2
Let j(x) = -5*x**3 - 34*x**2 + 8*x + 5. Let a be j(-7). What is the tens digit of -2*2721/a*(-27)/(-81)?
0
Suppose -1663*c + 1652*c = -237083. What is the hundreds digit of c?
5
Let h(v) be the second derivative of v**4/6 + v**3/2 - 29*v**2/2 - 22*v + 1. What is the units digit of h(5)?
6
Suppose 2*i = 2*y + 7347 - 52489, 2*y = i + 45133. What is the tens digit of y?
6
Let d = -13042 - -26383. What is the hundreds digit of d?
3
Let z(u) = -4*u + 35. Let f be z(8). Suppose 5*a = 4*a - f*a. Suppose -v + a*j - 5*j = -62, 3*v - 154 = j. What is the tens digit of v?
5
Suppose o + 78*u = 70*u + 16247, u + 16193 = o. What is the tens digit of o?
9
Let l(t) = -481*t + 10344. What is the tens digit of l(0)?
4
Suppose -4*g + 3486 = -3*j - 4457, g = 3*j + 1997. Suppose g = 4*a + 4*y - y, -505 = -a + 4*y. What is the units digit of a?
7
Let q = 360 + -501. Suppose 0 = l + 5*d - 78, 3*d + 250 = 5*l - 0*d. Let s = l - q. What is the hundreds digit of s?
1
Let h(g) = -14*g - 10. Let u be h(-5). Suppose 4*q = -3*i + 40 + 22, -3*i - 3*q = -u. What is the tens digit of 1130/i + (-26)/(-117)?
6
Let x(c) = 45*c**2 - 43*c - 758. What is the hundreds digit of x(-20)?
1
Suppose 174960 = 6*q - 0*q + 75*q. What is the units digit of q?
0
Let y(u) = -2*u**3 - 21*u**2 - 11*u + 258. What is the thousands digit of y(-21)?
9
What is the units digit of (53009 + 15)/8 - (-1 + 7)?
2
Suppose 2*l = -5*c + 4*l + 179591, 3*c - 3*l = 107760. What is the tens digit of c?
1
Let j be 30/(-7)*(-140)/30. Suppose -17*p = -j*p + 78. Let l = 58 - p. What is the units digit of l?
2
What is the tens digit of (-10)/6 + (-441402)/(-117)?
7
Let s(c) = 74*c**2 - 54*c + 531. What is the thousands digit of s(11)?
8
Let k(g) = -1094*g**3 + 2*g**2 + 11*g + 23. What is the tens digit of k(-2)?
6
Let k(r) = 2*r - 12. Let g be k(6). Suppose g = 5*p + 5*a - 1005, 0*a + 2*a = -3*p + 602. What is the units digit of p?
0
Let r(s) = -3*s + 3. Let g = -54 - -54. Let q be r(g). Suppose q*k = 50 + 400. What is the hundreds digit of k?
1
Suppose 59*t - 1392 = 51*t. Suppose -172*u - 724 = -t*u. What is the tens digit of u?
6
Let k = -47 - -65. Suppose k*u + 1736 = 22*u. What is the tens digit of u?
3
Let d = 19 + -15. Suppose 1 = d*y - 7. Suppose -225 = y*q - 5*q + k, -4*q - 2*k = -310. What is the tens digit of q?
7
Let y = -60 + 62. Let a be y*(3/(-15))/(6/(-35745)). Suppose -1459 = -17*u + a. What is the tens digit of u?
2
Let m = 45517 + -23542. What is the ten thousands digit of m?
2
Let r = 53 - 42. Suppose 3*u - 4*u = 2*n - r, -4*n + 2*u + 18 = 0. Suppose -2*x = -2*b - 390, 0 = n*b - b - 12. What is the units digit of x?
8
Let l be -3*(-13120)/12 + 4. Suppose l = -5*c + 10659. What is the thousands digit of c?
1
Suppose -25*w + 178 = -23*w. Suppose 2*j = w + 51. Suppose j - 264 = -2*i. What is the tens digit of i?
9
Suppose -2*g + 383 - 22 = 3*u, -4 = -2*g. Suppose -3301 + 4225 = 21*m. Let s = u - m. What is the tens digit of s?
7
Suppose -33*s - 1789 = -10*s - 4572. Suppose 10 = 2*c - 0*c. Suppose s + 81 = 4*d + c*a, -a = -3*d + 142. What is the tens digit of d?
4
Let w(n) = 104*n**2 - 180*n - 113. What is the ten thousands digit of w(-10)?
1
Let g(d) = 6*d - 88. Let s be g(15). What is the tens digit of (s*(-2)/12)/((-10)/5070)?
6
Suppose 3*r - 6*y - 20 = -7*y, 2*y = 3*r - 5. Suppose 4*t + t = 5*w - 1425, r*w - 1425 = 2*t. What is the units digit of w?
5
Suppose -q = 3*q - 12. Let w(o) = -75*o**2 + o**q + 2*o + 37*o**2 + 1 + 45*o**2. What is the units digit of w(-4)?
1
Let m = 19508 - -1368. What is the units digit of m?
6
Let u = -62 + -35. Let f = u + 113. Suppose -19*m = -f*m - 594. What is the tens digit of m?
9
Let x be -1*17563/(-14) - (-1)/(-2). Suppose 41*p - 35*p - x = 0. What is the tens digit of p?
0
What is the tens digit of (-10)/18 - (-658428)/108?
9
Suppose -3*y + 19462 = 3*c - 7856, 4*c - 36418 = -5*y. What is the tens digit of c?
1
Suppose -3*r - 60 = -3*s, -5*s + 5*r - 10*r + 110 = 0. Let q = s - -494. What is the units digit of q?
5
Suppose -22 = -8*v + 10. Let d be 2 + (-14 + v - -4). What is the units digit of (-78)/d*4/3?
6
Let y(f) = 9*f**3 - 4*f**2 - 1. Let u(p) = 8*p**3 - 3*p**2 - 1. Let z(x) = -4*u(x) + 3*y(x). Let o be z(1). What is the tens digit of (35/2)/((-1)/o)?
7
Suppose 36*b - 24*b - 27*b = -195255. What is the ten thousands digit of b?
1
Let f = 515 - 305. Let n = f + -132. What is the tens digit of n?
7
Let n(o) = 14*o**3 + 76*o**2 + 14*o + 33. What is the thousands digit of n(6)?
5
Let k = 3 - -9. Let w(n) = 12*n**2 + 3*n + 5*n**2 - 2*n**2 - 14*n**2 - 15. What is the hundreds digit of w(k)?
1
Suppose 260 = -2*y - 4*x, -5*y = -0*y + 4*x + 620. Let q = y - -77. Let o = q - -96. What is the tens digit of o?
5
Suppose -w + 22086 = 2*o, -11*o + 44166 = -7*o - w. What is the units digit of o?
2
Suppose 36*d - 79 + 7 = 0. Suppose 2*c = 4*w - d*c - 1308, 3*w = c + 971. What is the tens digit of w?
2
Let v(g) = 226*g + 1868. What is the tens digit of v(-8)?
6
Let n be (4*-3)/4 + 1. Let j be 1/2*n - (3 + -6). What is the units digit of 15/(-10) - (-19)/j?
8
Let r(k) = k**3 + 13*k**2 + 31*k. What is the hundreds digit of r(12)?
9
Let h(s) = 24*s + 2. Let b be h(1). Suppose 5*l = -b + 6. What is the hundreds digit of 6/2 - 548/l?
1
Suppose 88973 = -36*p + 73347 + 254666. What is the thousands digit of p?
6
Let h be (56/35)/(6/15). Suppose 2*r + 406 = -h*n + n, r = 4. Let u = 228 + n. What is the units digit of u?
0
Let s(j) = -2*j**3 + 80*j**2 - 104*j + 25. What is the tens digit of s(38)?
4
Let j(g) be the first derivative of -5*g**3/3 - 7*g**2/2 - 20*g - 5. Let l(w) be the first derivative of j(w). What is the units digit of l(-6)?
3
Let i(g) = 5*g**3 - 86*g**2 - 7*g + 8. What is the tens digit of i(18)?
7
Let w = 1603 - 880. Suppose -57*t + 60*t = 5*i - 1201, t + w = 3*i. What is the tens digit of i?
4
Let x = -23 + 28. Suppose j - x*j = -12. Suppose 0 = j*o + b - 271, 7*o = 3*o - 2*b + 358. What is the tens digit of o?
9
Let a = 19916 - 11298. What is the units digit of a?
8
Let d be (-24)/(-9)*3/2. Suppose d*u = 2*n - n - 173, u = 0. What is the tens digit of n?
7
Let u = -725 + 1025. Suppose 0 = p - 3*o - 75, 4*p - 4*o + o - u = 0. Suppose -5*t = -255 - p. What is the tens digit of t?
6
Let v = -241 + 233. What is the tens digit of ((-4)/(-6))/(v/(-720))?
6
Suppose 6*w - 619 = -4*y + 7*w, 0 = 5*y - 2*w - 776. Suppose 159*x - 2680 = y*x. What is the tens digit of x?
3
Let t(h) = 106*h + 12044. What is the hundreds digit of t(0)?
0
Let c = 5434 + -9309. Let d = -2506 - c. What is the hundreds digit of d?
3
Let i(z) = 2*z**3 + 28*z**2 + 38*z - 17. What is the tens digit of i(-12)?
0
Let k(c) = c**2 + 24*c + 20*c - 1 - 46*c. Let v be k(3). Suppose -v*n + 59 + 9 = -3*f, 0 = 2*f + 8. What is the units digit of n?
8
Let g(w) = -7163*w + 1838. What is the hundreds digit of g(-3)?
3
Let n(d) = -2*d**2 + 8*d + 1. Let k(c) = 5*c - 55 + 2*c + 56 - 2*c**2. Let t(m) = -6*k(m) + 5*n(m). What is the tens digit of t(-5)?
5
Let u(a) = 230*a + 227. Let z be u(7). Suppose f = -3*f + 40. Suppose 0 = -f*q - q + z. What is the hundreds digit of q?
1
Suppose 3*q + 2*t - 155329 = 0, 9*q = 6*q - 3*t + 155325. What is the units digit of q?
9
Let s = 27032 - 14543. What is the thousands digit of s?
2
Suppose -4*s + 208 = f, 2*f = 2*s + 526 - 60. Let i = -160 + f. What is the units digit of i?
8
Let v(b) = -79*b**2 + 64*b**2 - 1 - 6*b + b**3 + 7. Let y be v(15). What is the tens digit of (y/9)/((-6)/117)?
8
Let d(i) = 958*i + 1057. What is the units digit of d(5)?
7
Let i = -6294 + 10181. What is the tens digit of i?
8
Let z be (-20 + -5)/(-5)*(-6)/10. Let f be (-321)/(-27)*z + 2/3. What is the units digit of 42/f*(-5)/(-2) - -13?
0
What is the units digit of -1 + ((-192)/(-120) - (-44972)/5)?
5
Let d(z) =